{"id":67,"date":"2025-04-15T07:51:05","date_gmt":"2025-04-15T07:51:05","guid":{"rendered":"https:\/\/pentinkulma.com\/?page_id=67"},"modified":"2025-07-26T19:13:32","modified_gmt":"2025-07-26T19:13:32","slug":"stahlberg-pentinkulma-urjala","status":"publish","type":"page","link":"https:\/\/pentinkulma.com\/index.php\/stahlberg-pentinkulma-urjala\/","title":{"rendered":"Ruokailu"},"content":{"rendered":"\n<h2 class=\"wp-block-heading\">St\u00e5hlberg Pentinkulma \u2013 makumatka keskell\u00e4 matkaa<\/h2>\n\n\n\n<p>Hein\u00e4kuussa 2025 valtatie 9:n varteen Urjalaan on auennut uusi taukopaikka, jossa ruoka ei ole vain pys\u00e4hdys \u2013 se on el\u00e4mys. Uudistuneen Pentinkulman ravintola- ja kahvilapalveluista vastaa kotimainen perheyritys\u00a0<strong><a href=\"https:\/\/www.stahlbergkahvilat.fi\/\">St\u00e5hlberg Kahvilat Oy<\/a><\/strong>, joka tunnetaan laadukkaasta kotiruoasta, vastaleivotuista herkuista ja l\u00e4mpim\u00e4st\u00e4 palvelusta.<\/p>\n\n\n\n<p><strong>St\u00e5hlberg Pentinkulmassa<\/strong>&nbsp;tarjoillaan runsas ja maukas buffetlounas, herkullisia \u00e0 la carte -annoksia sek\u00e4 vitriinillinen tuoreita, k\u00e4sin tehtyj\u00e4 leivonnaisia. Isommatkin ryhm\u00e4t ruokailevat meill\u00e4 nopeasti ja sujuvasti. Kes\u00e4ll\u00e4 nautinto kruunataan 400-neli\u00f6isell\u00e4, tilavalla terassilla.<\/p>\n\n\n\n<h3 class=\"wp-block-heading\">Tervetuloa tauolle, joka tekee matkasta paremman.<\/h3>\n\n\n\n<p><strong>St\u00e5hlberg Kahvilat<\/strong>&nbsp;on tamperelainen perheyritys, jonka juuret ulottuvat vuosikymmenten p\u00e4\u00e4h\u00e4n. Kahviloitamme l\u00f6yd\u00e4t Tampereelta ja sen l\u00e4hialueilta \u2013 ja pian my\u00f6s Urjalasta. Tarjolla on p\u00e4ivitt\u00e4in vaihtuvia kotiruokalounaita, kuten uunilohta, kasvisvaihtoehtoja ja klassisia lihapullia pippurikastikkeessa.<\/p>\n\n\n\n<p>Katso St\u00e5hlberg Pentinkulman lounaslista <a href=\"https:\/\/www.stahlbergkahvilat.fi\/stahlberg-pentinkulma-urjala\/?_gl=1*bfqtri*_up*MQ..*_ga*Mzc0MDUxMDgxLjE3NTE4NzEzODE.*_ga_VCBPSHKT4D*czE3NTE4NzEzODAkbzEkZzEkdDE3NTE4NzE2OTMkajYwJGwwJGgw\">t\u00e4st\u00e4<\/a>.<\/p>\n\n\n\n<p>St\u00e5hlberg Pentinkulma palvelee:<\/p>\n\n\n\n<figure class=\"wp-block-table\"><table class=\"has-fixed-layout\"><tbody><tr><td>Lounas<\/td><td><\/td><\/tr><tr><td>MA-SU<\/td><td>11:00-15:00<\/td><\/tr><tr><td>Kahvila \/ Ravintola<\/td><td><\/td><\/tr><tr><td>MA-TO<\/td><td>08:00-21:00<\/td><\/tr><tr><td>PE-LA<\/td><td>08:00-22:00<\/td><\/tr><tr><td>SU<\/td><td>09:00-20:00<\/td><\/tr><\/tbody><\/table><\/figure>\n\n\n\n<h3 class=\"wp-block-heading\">Lounasbuffet ma-pe 13,70 \u20ac <br>Lounasbuffet la-su 15,50\u20ac<\/h3>\n\n\n\n<figure class=\"wp-block-table\"><table class=\"has-fixed-layout\"><tbody><tr><td>El\u00e4kel\u00e4iset\/ opiskelijat<\/td><td>-10%<\/td><\/tr><tr><td>Lapset 1-12v<\/td><td>1\u20ac\/ik\u00e4vuosi<\/td><\/tr><\/tbody><\/table><\/figure>\n\n\n\n<p><\/p>\n","protected":false},"excerpt":{"rendered":"<p>St\u00e5hlberg Pentinkulma \u2013 makumatka keskell\u00e4 matkaa Hein\u00e4kuussa 2025 valtatie 9:n varteen Urjalaan on auennut uusi taukopaikka, jossa ruoka ei ole vain pys\u00e4hdys \u2013 se on el\u00e4mys. Uudistuneen Pentinkulman ravintola- ja kahvilapalveluista vastaa kotimainen perheyritys\u00a0St\u00e5hlberg Kahvilat Oy, joka tunnetaan laadukkaasta kotiruoasta, vastaleivotuista herkuista ja l\u00e4mpim\u00e4st\u00e4 palvelusta. St\u00e5hlberg Pentinkulmassa&nbsp;tarjoillaan runsas ja maukas buffetlounas, herkullisia \u00e0 la carte &hellip; <\/p>\n<p class=\"link-more\"><a href=\"https:\/\/pentinkulma.com\/index.php\/stahlberg-pentinkulma-urjala\/\" class=\"more-link\">Jatka lukemista<span class=\"screen-reader-text\"> &#8221;Ruokailu&#8221;<\/span><\/a><\/p>\n","protected":false},"author":1,"featured_media":0,"parent":0,"menu_order":0,"comment_status":"closed","ping_status":"closed","template":"","meta":{"_kadence_starter_templates_imported_post":false,"footnotes":""},"class_list":["post-67","page","type-page","status-publish","hentry"],"yoast_head":"<!-- This site is optimized with the Yoast SEO plugin v24.9 - https:\/\/yoast.com\/wordpress\/plugins\/seo\/ -->\n<title>Ruokailu - Pentinkulma<\/title>\n<meta name=\"robots\" content=\"index, follow, max-snippet:-1, max-image-preview:large, max-video-preview:-1\" \/>\n<link rel=\"canonical\" href=\"https:\/\/pentinkulma.com\/index.php\/stahlberg-pentinkulma-urjala\/\" \/>\n<meta property=\"og:locale\" content=\"fi_FI\" \/>\n<meta property=\"og:type\" content=\"article\" \/>\n<meta property=\"og:title\" content=\"Ruokailu - Pentinkulma\" \/>\n<meta property=\"og:description\" content=\"St\u00e5hlberg Pentinkulma \u2013 makumatka keskell\u00e4 matkaa Hein\u00e4kuussa 2025 valtatie 9:n varteen Urjalaan on auennut uusi taukopaikka, jossa ruoka ei ole vain pys\u00e4hdys \u2013 se on el\u00e4mys. Uudistuneen Pentinkulman ravintola- ja kahvilapalveluista vastaa kotimainen perheyritys\u00a0St\u00e5hlberg Kahvilat Oy, joka tunnetaan laadukkaasta kotiruoasta, vastaleivotuista herkuista ja l\u00e4mpim\u00e4st\u00e4 palvelusta. St\u00e5hlberg Pentinkulmassa&nbsp;tarjoillaan runsas ja maukas buffetlounas, herkullisia \u00e0 la carte &hellip; Jatka lukemista &quot;Ruokailu&quot;\" \/>\n<meta property=\"og:url\" content=\"https:\/\/pentinkulma.com\/index.php\/stahlberg-pentinkulma-urjala\/\" \/>\n<meta property=\"og:site_name\" content=\"Pentinkulma\" \/>\n<meta property=\"article:publisher\" content=\"https:\/\/facebook.com\/pentinkulma\" \/>\n<meta property=\"article:modified_time\" content=\"2025-07-26T19:13:32+00:00\" \/>\n<meta name=\"twitter:card\" content=\"summary_large_image\" \/>\n<meta name=\"twitter:label1\" content=\"Arvioitu lukuaika\" \/>\n\t<meta name=\"twitter:data1\" content=\"1 minuutti\" \/>\n<script type=\"application\/ld+json\" class=\"yoast-schema-graph\">{\"@context\":\"https:\/\/schema.org\",\"@graph\":[{\"@type\":\"WebPage\",\"@id\":\"https:\/\/pentinkulma.com\/index.php\/stahlberg-pentinkulma-urjala\/\",\"url\":\"https:\/\/pentinkulma.com\/index.php\/stahlberg-pentinkulma-urjala\/\",\"name\":\"Ruokailu - Pentinkulma\",\"isPartOf\":{\"@id\":\"https:\/\/pentinkulma.com\/#website\"},\"datePublished\":\"2025-04-15T07:51:05+00:00\",\"dateModified\":\"2025-07-26T19:13:32+00:00\",\"breadcrumb\":{\"@id\":\"https:\/\/pentinkulma.com\/index.php\/stahlberg-pentinkulma-urjala\/#breadcrumb\"},\"inLanguage\":\"fi\",\"potentialAction\":[{\"@type\":\"ReadAction\",\"target\":[\"https:\/\/pentinkulma.com\/index.php\/stahlberg-pentinkulma-urjala\/\"]}]},{\"@type\":\"BreadcrumbList\",\"@id\":\"https:\/\/pentinkulma.com\/index.php\/stahlberg-pentinkulma-urjala\/#breadcrumb\",\"itemListElement\":[{\"@type\":\"ListItem\",\"position\":1,\"name\":\"Etusivu\",\"item\":\"https:\/\/pentinkulma.com\/\"},{\"@type\":\"ListItem\",\"position\":2,\"name\":\"Ruokailu\"}]},{\"@type\":\"WebSite\",\"@id\":\"https:\/\/pentinkulma.com\/#website\",\"url\":\"https:\/\/pentinkulma.com\/\",\"name\":\"Pentinkulma\",\"description\":\"\",\"publisher\":{\"@id\":\"https:\/\/pentinkulma.com\/#organization\"},\"potentialAction\":[{\"@type\":\"SearchAction\",\"target\":{\"@type\":\"EntryPoint\",\"urlTemplate\":\"https:\/\/pentinkulma.com\/?s={search_term_string}\"},\"query-input\":{\"@type\":\"PropertyValueSpecification\",\"valueRequired\":true,\"valueName\":\"search_term_string\"}}],\"inLanguage\":\"fi\"},{\"@type\":\"Organization\",\"@id\":\"https:\/\/pentinkulma.com\/#organization\",\"name\":\"Urjalan Pentinkulma Oy\",\"url\":\"https:\/\/pentinkulma.com\/\",\"logo\":{\"@type\":\"ImageObject\",\"inLanguage\":\"fi\",\"@id\":\"https:\/\/pentinkulma.com\/#\/schema\/logo\/image\/\",\"url\":\"https:\/\/pentinkulma.com\/wp-content\/uploads\/2025\/04\/pentinkulma.jpeg\",\"contentUrl\":\"https:\/\/pentinkulma.com\/wp-content\/uploads\/2025\/04\/pentinkulma.jpeg\",\"width\":1280,\"height\":568,\"caption\":\"Urjalan Pentinkulma Oy\"},\"image\":{\"@id\":\"https:\/\/pentinkulma.com\/#\/schema\/logo\/image\/\"},\"sameAs\":[\"https:\/\/facebook.com\/pentinkulma\",\"https:\/\/instagram.com\/pentinkulma\"]}]}<\/script>\n<!-- \/ Yoast SEO plugin. -->","yoast_head_json":{"title":"Ruokailu - Pentinkulma","robots":{"index":"index","follow":"follow","max-snippet":"max-snippet:-1","max-image-preview":"max-image-preview:large","max-video-preview":"max-video-preview:-1"},"canonical":"https:\/\/pentinkulma.com\/index.php\/stahlberg-pentinkulma-urjala\/","og_locale":"fi_FI","og_type":"article","og_title":"Ruokailu - Pentinkulma","og_description":"St\u00e5hlberg Pentinkulma \u2013 makumatka keskell\u00e4 matkaa Hein\u00e4kuussa 2025 valtatie 9:n varteen Urjalaan on auennut uusi taukopaikka, jossa ruoka ei ole vain pys\u00e4hdys \u2013 se on el\u00e4mys. Uudistuneen Pentinkulman ravintola- ja kahvilapalveluista vastaa kotimainen perheyritys\u00a0St\u00e5hlberg Kahvilat Oy, joka tunnetaan laadukkaasta kotiruoasta, vastaleivotuista herkuista ja l\u00e4mpim\u00e4st\u00e4 palvelusta. St\u00e5hlberg Pentinkulmassa&nbsp;tarjoillaan runsas ja maukas buffetlounas, herkullisia \u00e0 la carte &hellip; Jatka lukemista \"Ruokailu\"","og_url":"https:\/\/pentinkulma.com\/index.php\/stahlberg-pentinkulma-urjala\/","og_site_name":"Pentinkulma","article_publisher":"https:\/\/facebook.com\/pentinkulma","article_modified_time":"2025-07-26T19:13:32+00:00","twitter_card":"summary_large_image","twitter_misc":{"Arvioitu lukuaika":"1 minuutti"},"schema":{"@context":"https:\/\/schema.org","@graph":[{"@type":"WebPage","@id":"https:\/\/pentinkulma.com\/index.php\/stahlberg-pentinkulma-urjala\/","url":"https:\/\/pentinkulma.com\/index.php\/stahlberg-pentinkulma-urjala\/","name":"Ruokailu - Pentinkulma","isPartOf":{"@id":"https:\/\/pentinkulma.com\/#website"},"datePublished":"2025-04-15T07:51:05+00:00","dateModified":"2025-07-26T19:13:32+00:00","breadcrumb":{"@id":"https:\/\/pentinkulma.com\/index.php\/stahlberg-pentinkulma-urjala\/#breadcrumb"},"inLanguage":"fi","potentialAction":[{"@type":"ReadAction","target":["https:\/\/pentinkulma.com\/index.php\/stahlberg-pentinkulma-urjala\/"]}]},{"@type":"BreadcrumbList","@id":"https:\/\/pentinkulma.com\/index.php\/stahlberg-pentinkulma-urjala\/#breadcrumb","itemListElement":[{"@type":"ListItem","position":1,"name":"Etusivu","item":"https:\/\/pentinkulma.com\/"},{"@type":"ListItem","position":2,"name":"Ruokailu"}]},{"@type":"WebSite","@id":"https:\/\/pentinkulma.com\/#website","url":"https:\/\/pentinkulma.com\/","name":"Pentinkulma","description":"","publisher":{"@id":"https:\/\/pentinkulma.com\/#organization"},"potentialAction":[{"@type":"SearchAction","target":{"@type":"EntryPoint","urlTemplate":"https:\/\/pentinkulma.com\/?s={search_term_string}"},"query-input":{"@type":"PropertyValueSpecification","valueRequired":true,"valueName":"search_term_string"}}],"inLanguage":"fi"},{"@type":"Organization","@id":"https:\/\/pentinkulma.com\/#organization","name":"Urjalan Pentinkulma Oy","url":"https:\/\/pentinkulma.com\/","logo":{"@type":"ImageObject","inLanguage":"fi","@id":"https:\/\/pentinkulma.com\/#\/schema\/logo\/image\/","url":"https:\/\/pentinkulma.com\/wp-content\/uploads\/2025\/04\/pentinkulma.jpeg","contentUrl":"https:\/\/pentinkulma.com\/wp-content\/uploads\/2025\/04\/pentinkulma.jpeg","width":1280,"height":568,"caption":"Urjalan Pentinkulma Oy"},"image":{"@id":"https:\/\/pentinkulma.com\/#\/schema\/logo\/image\/"},"sameAs":["https:\/\/facebook.com\/pentinkulma","https:\/\/instagram.com\/pentinkulma"]}]}},"_links":{"self":[{"href":"https:\/\/pentinkulma.com\/index.php\/wp-json\/wp\/v2\/pages\/67","targetHints":{"allow":["GET"]}}],"collection":[{"href":"https:\/\/pentinkulma.com\/index.php\/wp-json\/wp\/v2\/pages"}],"about":[{"href":"https:\/\/pentinkulma.com\/index.php\/wp-json\/wp\/v2\/types\/page"}],"author":[{"embeddable":true,"href":"https:\/\/pentinkulma.com\/index.php\/wp-json\/wp\/v2\/users\/1"}],"replies":[{"embeddable":true,"href":"https:\/\/pentinkulma.com\/index.php\/wp-json\/wp\/v2\/comments?post=67"}],"version-history":[{"count":10,"href":"https:\/\/pentinkulma.com\/index.php\/wp-json\/wp\/v2\/pages\/67\/revisions"}],"predecessor-version":[{"id":167,"href":"https:\/\/pentinkulma.com\/index.php\/wp-json\/wp\/v2\/pages\/67\/revisions\/167"}],"wp:attachment":[{"href":"https:\/\/pentinkulma.com\/index.php\/wp-json\/wp\/v2\/media?parent=67"}],"curies":[{"name":"wp","href":"https:\/\/api.w.org\/{rel}","templated":true}]}}